{"id":534,"date":"2021-04-08T19:13:08","date_gmt":"2021-04-08T19:13:08","guid":{"rendered":"http:\/\/impromurcia.com\/?page_id=534"},"modified":"2026-03-11T11:38:30","modified_gmt":"2026-03-11T11:38:30","slug":"cosicas-extranas","status":"publish","type":"page","link":"https:\/\/impromurcia.com\/index.php\/cosicas-extranas\/","title":{"rendered":"Cosicas Extra\u00f1as"},"content":{"rendered":"\t\t<div data-elementor-type=\"wp-page\" data-elementor-id=\"534\" class=\"elementor elementor-534\">\n\t\t\t\t\t\t<section class=\"elementor-section elementor-top-section elementor-element elementor-element-99159eb elementor-section-stretched elementor-section-boxed elementor-section-height-default elementor-section-height-default\" data-id=\"99159eb\" data-element_type=\"section\" data-settings=\"{&quot;stretch_section&quot;:&quot;section-stretched&quot;,&quot;background_background&quot;:&quot;classic&quot;}\">\n\t\t\t\t\t\t<div class=\"elementor-container elementor-column-gap-default\">\n\t\t\t\t\t<div class=\"elementor-column elementor-col-100 elementor-top-column elementor-element elementor-element-26f8098\" data-id=\"26f8098\" data-element_type=\"column\">\n\t\t\t<div class=\"elementor-widget-wrap elementor-element-populated\">\n\t\t\t\t\t\t<div class=\"elementor-element elementor-element-1f89ff4 elementor-widget elementor-widget-heading\" data-id=\"1f89ff4\" data-element_type=\"widget\" data-widget_type=\"heading.default\">\n\t\t\t\t<div class=\"elementor-widget-container\">\n\t\t\t\t\t<h2 class=\"elementor-heading-title elementor-size-default\">Cosicas Extra\u00f1as<\/h2>\t\t\t\t<\/div>\n\t\t\t\t<\/div>\n\t\t\t\t\t<\/div>\n\t\t<\/div>\n\t\t\t\t\t<\/div>\n\t\t<\/section>\n\t\t\t\t<section class=\"elementor-section elementor-top-section elementor-element elementor-element-3920629 elementor-section-stretched elementor-section-boxed elementor-section-height-default elementor-section-height-default\" data-id=\"3920629\" data-element_type=\"section\" data-settings=\"{&quot;stretch_section&quot;:&quot;section-stretched&quot;,&quot;background_background&quot;:&quot;classic&quot;}\">\n\t\t\t\t\t\t<div class=\"elementor-container elementor-column-gap-default\">\n\t\t\t\t\t<div class=\"elementor-column elementor-col-33 elementor-top-column elementor-element elementor-element-6187d95\" data-id=\"6187d95\" data-element_type=\"column\">\n\t\t\t<div class=\"elementor-widget-wrap elementor-element-populated\">\n\t\t\t\t\t\t<div class=\"elementor-element elementor-element-cda8a3e elementor-widget elementor-widget-image\" data-id=\"cda8a3e\" data-element_type=\"widget\" data-widget_type=\"image.default\">\n\t\t\t\t<div class=\"elementor-widget-container\">\n\t\t\t\t\t\t\t\t\t\t\t\t\t\t\t<img fetchpriority=\"high\" decoding=\"async\" width=\"724\" height=\"1024\" src=\"https:\/\/impromurcia.com\/wp-content\/uploads\/2021\/04\/cosicas-extranas-724x1024.png\" class=\"attachment-large size-large wp-image-446\" alt=\"\" srcset=\"https:\/\/impromurcia.com\/wp-content\/uploads\/2021\/04\/cosicas-extranas-724x1024.png 724w, https:\/\/impromurcia.com\/wp-content\/uploads\/2021\/04\/cosicas-extranas-212x300.png 212w, https:\/\/impromurcia.com\/wp-content\/uploads\/2021\/04\/cosicas-extranas-768x1086.png 768w, https:\/\/impromurcia.com\/wp-content\/uploads\/2021\/04\/cosicas-extranas-1086x1536.png 1086w, https:\/\/impromurcia.com\/wp-content\/uploads\/2021\/04\/cosicas-extranas-830x1174.png 830w, https:\/\/impromurcia.com\/wp-content\/uploads\/2021\/04\/cosicas-extranas-230x325.png 230w, https:\/\/impromurcia.com\/wp-content\/uploads\/2021\/04\/cosicas-extranas-350x495.png 350w, https:\/\/impromurcia.com\/wp-content\/uploads\/2021\/04\/cosicas-extranas-480x679.png 480w, https:\/\/impromurcia.com\/wp-content\/uploads\/2021\/04\/cosicas-extranas-600x849.png 600w, https:\/\/impromurcia.com\/wp-content\/uploads\/2021\/04\/cosicas-extranas-82x116.png 82w, https:\/\/impromurcia.com\/wp-content\/uploads\/2021\/04\/cosicas-extranas.png 1414w\" sizes=\"(max-width: 724px) 100vw, 724px\" \/>\t\t\t\t\t\t\t\t\t\t\t\t\t\t\t<\/div>\n\t\t\t\t<\/div>\n\t\t\t\t\t<\/div>\n\t\t<\/div>\n\t\t\t\t<div class=\"elementor-column elementor-col-66 elementor-top-column elementor-element elementor-element-5e53a80\" data-id=\"5e53a80\" data-element_type=\"column\">\n\t\t\t<div class=\"elementor-widget-wrap elementor-element-populated\">\n\t\t\t\t\t\t<div class=\"elementor-element elementor-element-bcdc3ca elementor-widget elementor-widget-text-editor\" data-id=\"bcdc3ca\" data-element_type=\"widget\" data-widget_type=\"text-editor.default\">\n\t\t\t\t<div class=\"elementor-widget-container\">\n\t\t\t\t\t\t\t\t\t<p>En este espect\u00e1culo, no apto para los m\u00e1s sensibles, la improvisaci\u00f3n se adentra en el territorio del misterio: sucesos inexplicables, criaturas imposibles, fen\u00f3menos paranormales y lugares donde pasan\u2026 Cosicas Extra\u00f1as.<\/p><p>Nada m\u00e1s entrar al teatro, el p\u00fablico escribe sus miedos en un libro muy especial. Esos temores (desde lo m\u00e1s cotidiano hasta lo m\u00e1s sobrenatural) se convierten en el motor de las historias que nacen sobre el escenario.<\/p><p>A partir de ah\u00ed, surgir\u00e1n escenas improvisadas donde lo paranormal y la comedia se entrelazan: apariciones, monstruos, portales a otras dimensiones, vecinos que siempre saludan&#8230;<\/p><p>Cada funci\u00f3n es \u00fanica, porque cada noche el p\u00fablico trae sus propios miedos.<br \/>Y cuando se abre ese libro\u2026 siempre pueden pasar Cosicas Extra\u00f1as.<\/p><p>No apto para todos los p\u00fablicos.<\/p>\t\t\t\t\t\t\t\t<\/div>\n\t\t\t\t<\/div>\n\t\t\t\t\t<\/div>\n\t\t<\/div>\n\t\t\t\t\t<\/div>\n\t\t<\/section>\n\t\t\t\t<\/div>\n\t\t","protected":false},"excerpt":{"rendered":"<p>Cosicas Extra\u00f1as En este espect\u00e1culo, no apto para los m\u00e1s sensibles, la improvisaci\u00f3n se adentra en el territorio del misterio: sucesos inexplicables, criaturas imposibles, fen\u00f3menos paranormales y lugares donde pasan\u2026 Cosicas Extra\u00f1as. Nada m\u00e1s entrar al teatro, el p\u00fablico escribe sus miedos en un libro muy especial. Esos temores (desde lo m\u00e1s cotidiano hasta lo [&hellip;]<\/p>\n","protected":false},"author":1,"featured_media":0,"parent":0,"menu_order":0,"comment_status":"closed","ping_status":"closed","template":"","meta":{"footnotes":""},"class_list":["post-534","page","type-page","status-publish","hentry"],"jetpack_sharing_enabled":true,"_links":{"self":[{"href":"https:\/\/impromurcia.com\/index.php\/wp-json\/wp\/v2\/pages\/534","targetHints":{"allow":["GET"]}}],"collection":[{"href":"https:\/\/impromurcia.com\/index.php\/wp-json\/wp\/v2\/pages"}],"about":[{"href":"https:\/\/impromurcia.com\/index.php\/wp-json\/wp\/v2\/types\/page"}],"author":[{"embeddable":true,"href":"https:\/\/impromurcia.com\/index.php\/wp-json\/wp\/v2\/users\/1"}],"replies":[{"embeddable":true,"href":"https:\/\/impromurcia.com\/index.php\/wp-json\/wp\/v2\/comments?post=534"}],"version-history":[{"count":25,"href":"https:\/\/impromurcia.com\/index.php\/wp-json\/wp\/v2\/pages\/534\/revisions"}],"predecessor-version":[{"id":1920,"href":"https:\/\/impromurcia.com\/index.php\/wp-json\/wp\/v2\/pages\/534\/revisions\/1920"}],"wp:attachment":[{"href":"https:\/\/impromurcia.com\/index.php\/wp-json\/wp\/v2\/media?parent=534"}],"curies":[{"name":"wp","href":"https:\/\/api.w.org\/{rel}","templated":true}]}}